divided by 79?
68
What is the remainder when 382 is divided by 132?
118
What is the remainder when 85 is divided by 79?
6
Calculate the remainder when 73 is divided by 20.
13
What is the remainder when 71 is divided by 51?
20
Calculate the remainder when 55 is divided by 25.
5
Calculate the remainder when 8772 is divided by 5.
2
What is the remainder when 4219 is divided by 7?
5
Calculate the remainder when 65 is divided by 61.
4
Calculate the remainder when 707 is divided by 25.
7
What is the remainder when 22 is divided by 7?
1
Calculate the remainder when 103 is divided by 26.
25
What is the remainder when 83 is divided by 46?
37
Calculate the remainder when 501 is divided by 18.
15
Calculate the remainder when 294 is divided by 46.
18
Calculate the remainder when 79 is divided by 40.
39
What is the remainder when 172 is divided by 22?
18
Calculate the remainder when 484 is divided by 135.
79
What is the remainder when 555 is divided by 276?
3
What is the remainder when 17 is divided by 7?
3
What is the remainder when 9776 is divided by 73?
67
What is the remainder when 290 is divided by 21?
17
What is the remainder when 826 is divided by 304?
218
What is the remainder when 1134 is divided by 20?
14
What is the remainder when 1345 is divided by 27?
22
Calculate the remainder when 841 is divided by 20.
1
What is the remainder when 35 is divided by 23?
12
Calculate the remainder when 550 is divided by 515.
35
What is the remainder when 2621 is divided by 859?
44
What is the remainder when 35 is divided by 19?
16
What is the remainder when 277 is divided by 8?
5
Calculate the remainder when 709 is divided by 220.
49
Calculate the remainder when 1168 is divided by 5.
3
What is the remainder when 78 is divided by 72?
6
What is the remainder when 68 is divided by 12?
8
Calculate the remainder when 606 is divided by 219.
168
What is the remainder when 108 is divided by 68?
40
What is the remainder when 303 is divided by 23?
4
What is the remainder when 158 is divided by 23?
20
What is the remainder when 80 is divided by 17?
12
Calculate the remainder when 599 is divided by 43.
40
Calculate the remainder when 1237 is divided by 125.
112
What is the remainder when 8902 is divided by 84?
82
Calculate the remainder when 8150 is divided by 54.
50
Calculate the remainder when 429 is divided by 131.
36
Calculate the remainder when 12553 is divided by 78.
73
Calculate the remainder when 212 is divided by 57.
41
Calculate the remainder when 245 is divided by 193.
52
Calculate the remainder when 2658 is divided by 19.
17
Calculate the remainder when 122 is divided by 42.
38
Calculate the remainder when 51 is divided by 10.
1
What is the remainder when 514 is divided by 51?
4
What is the remainder when 262 is divided by 53?
50
What is the remainder when 302 is divided by 8?
6
What is the remainder when 16044 is divided by 71?
69
Calculate the remainder when 657 is divided by 44.
41
Calculate the remainder when 480 is divided by 22.
18
What is the remainder when 6353 is divided by 3176?
1
Calculate the remainder when 258 is divided by 37.
36
What is the remainder when 746 is divided by 83?
82
What is the remainder when 1557 is divided by 308?
17
What is the remainder when 305 is divided by 77?
74
What is the remainder when 1378 is divided by 77?
69
What is the remainder when 2643 is divided by 874?
21
What is the remainder when 60 is divided by 15?
0
What is the remainder when 1560 is divided by 43?
12
Calculate the remainder when 61 is divided by 36.
25
Calculate the remainder when 181 is divided by 17.
11
What is the remainder when 60 is divided by 41?
19
Calculate the remainder when 112 is divided by 18.
4
What is the remainder when 1027 is divided by 257?
256
Calculate the remainder when 143 is divided by 41.
20
What is the remainder when 898 is divided by 34?
14
What is the remainder when 44 is divided by 25?
19
What is the remainder when 72 is divided by 37?
35
Calculate the remainder when 244 is divided by 204.
40
What is the remainder when 80 is divided by 47?
33
What is the remainder when 2015 is divided by 202?
197
What is the remainder when 2281 is divided by 136?
105
Calculate the remainder when 1055 is divided by 46.
43
Calculate the remainder when 5946 is divided by 17.
13
Calculate the remainder when 1973 is divided by 19.
16
What is the remainder when 1710 is divided by 306?
180
Calculate the remainder when 516 is divided by 134.
114
Calculate the remainder when 631 is divided by 20.
11
What is the remainder when 3683 is divided by 1225?
8
Calculate the remainder when 63159 is divided by 319.
316
What is the remainder when 858 is divided by 236?
150
What is the remainder when 167 is divided by 5?
2
Calculate the remainder when 570 is divided by 143.
141
Calculate the remainder when 621 is divided by 125.
121
Calculate the remainder when 671 is divided by 188.
107
What is the remainder when 641 is divided by 127?
6
Calculate the remainder when 73 is divided by 69.
4
Calculate the remainder when 972 is divided by 151.
66
What is the remainder when 375 is divided by 47?
46
What is the remainder when 6047 is divided by 25?
22
Calculate the remainder when 69443 is divided by 27.
26
Calculate the remainder when 958 is divided by 96.
94
What is the remainder when 39 is divided by 35?
4
What is the remainder when 2633 is divided by 31?
29
Calculate the remainder when 1247 is divided by 78.
77
What is the remainder when 1503 is divided by 47?
46
Calculate the remainder when 133 is divided by 68.
65
Calculate the remainder when 4029 is divided by 29.
27
What is the remainder when 332 is divided by 316?
16
What is the remainder when 223 is divided by 21?
13
Calculate the remainder when 3414 is divided by 7.
5
Calculate the remainder when 4650 is divided by 49.
44
What is the remainder when 1366 is divided by 80?
6
What is the remainder when 9 is divided by 3?
0
What is the remainder when 1175 is divided by 11?
9
What is the remainder when 186 is divided by 157?
29
What is the remainder when 5997 is divided by 41?
11
What is the remainder when 114 is divided by 35?
9
What is the remainder when 439 is divided by 110?
109
What is the remainder when 316 is divided by 20?
16
Calculate the remainder when 108 is divided by 10.
8
Calculate the remainder when 2895 is divided by 7.
4
What is the remainder when 55 is divided by 30?
25
Calculate the remainder when 1642 is divided by 126.
4
Calculate the remainder when 186 is divided by 27.
24
Calculate the remainder when 43 is divided by 6.
1
Calculate the remainder when 190 is divided by 93.
4
What is the remainder when 61 is divided by 15?
1
Calculate the remainder when 75 is divided by 26.
23
Calculate the remainder when 121 is divided by 31.
28
What is the remainder when 3959 is divided by 440?
439
Calculate the remainder when 54 is divided by 5.
4
Calculate the remainder when 95 is divided by 61.
34
What is the remainder when 389 is divided by 200?
189
Calculate the remainder when 72 is divided by 15.
12
What is the remainder when 471 is divided by 53?
47
What is the remainder when 1000 is divided by 168?
160
What is the remainder when 304 is divided by 2?
0
What is the remainder when 1675 is divided by 129?
127
Calculate the remainder when 299 is divided by 25.
24
Calculate the remainder when 1014 is divided by 170.
164
Calculate the remainder when 392 is divided by 192.
8
Calculate the remainder when 307 is divided by 306.
1
Calculate the remainder when 22046 is divided by 15.
11
Calculate the remainder when 865 is divided by 424.
17
Calculate the remainder when 3587 is divided by 213.
179
Calculate the remainder when 1350 is divided by 318.
78
What is the remainder when 897 is divided by 239?
180
What is the remainder when 2868 is divided by 147?
75
What is the remainder when 321 is divided by 16?
1
What is the remainder when 4031 is divided by 311?
299
Calculate the remainder when 35 is divided by 10.
5
What is the remainder when 1609 is divided by 70?
69
What is the remainder when 84 is divided by 43?
41
Calculate the remainder when 12078 is divided by 4025.
3
What is the remainder when 613 is divided by 15?
13
Calculate the remainder when 737 is divided by 81.
8
Calculate the remainder when 100 is di